
Let a = -44 - -49. Let n = a + 17. What is the remainder when 108 is divided by n?
20
Suppose 959 + 105 = 48*h - 10*h. Calculate the remainder when (3/(-6))/(2/(-236)) is divided by h.
3
Suppose 4*q - 108 = -8*h + 4*h, 5*q + 3*h - 143 = 0. Calculate the remainder when q is divided by 7*1 + (2 - 4).
1
Let j(f) = -f + 1. Suppose k + 6 = 2. Calculate the remainder when j(k) is divided by 1 + 0 - 1 - -4.
1
Suppose 0*o = 5*u + 5*o - 95, u + 2*o - 24 = 0. What is the remainder when 32 is divided by u?
4
Let j be (-7)/(-2) - 15/10. Suppose 3*f = j*f + 178. Calculate the remainder when f is divided by 36.
34
Let l = 39 + -93. Let m = 56 + l. What is the remainder when m is divided by 3/3*-1*-2?
0
Let z = -36 + 34. Let a = 26 - z. Calculate the remainder when a is divided by 10.
8
Let k(z) = -z**2 + 12*z + 8. Calculate the remainder when 130 is divided by k(11).
16
Let n = -133 + 141. Calculate the remainder when 53 is divided by n.
5
Suppose -61*s = -54*s - 1218. Calculate the remainder when s is divided by 11.
9
Let g(x) be the first derivative of 2*x**2 - 5*x + 1. Suppose -8*p + 25 = -3*p. Calculate the remainder when 28 is divided by g(p).
13
Suppose -12 = -i - 5*w - 40, 0 = 4*i - 4*w - 32. Suppose -3*x = -3*s - 5 + 2, -2 = 2*x - 3*s. Calculate the remainder when x is divided by i.
1
Let o(i) = -i**2 + 2*i + 3. Suppose x - 3*x = 0. What is the remainder when (-34)/51 + (-17)/(-3) is divided by o(x)?
2
Let n(v) = 2*v + 14. Let a be n(-8). Let g(w) = -2*w**3 - 3*w**2 - 4*w - 3. Calculate the remainder when 53 is divided by g(a).
8
Suppose -5*z + 325 = 2*k, 0 = -2*z + 2*k - 18 + 134. Suppose 6 = -r - 13. Let o = -3 - r. Calculate the remainder when z is divided by o.
15
Let j(n) be the first derivative of 2*n**3/3 - n**2 - 2*n - 1. Suppose -284*x + 280*x + 28 = 0. Calculate the remainder when j(3) is divided by x.
3
Suppose 105*f + 12 = 102*f, -36 = -3*c + 3*f. Let b(d) = -2*d - 7. Calculate the remainder when b(-10) is divided by c.
5
Let b be ((-5)/10)/(2/(-64)). Suppose b*l - 276 = 12*l. Let p = 102 - l. What is the remainder when p is divided by 18?
15
Let a(s) = s**2 - 10*s + 6. Suppose 2*b - 2*o = 14, -3*o + 13 + 6 = b. Let x be a(b). Suppose -9*y + 30 = -x*y. Calculate the remainder when 36 is divided by y.
6
Let k = -16 + 19. Suppose 3*z + 118 = 5*z + 4*y, k = -3*y. What is the remainder when z is divided by 16?
13
Suppose 2*w = -5*g - w - 10, 8 = -2*g - 2*w. Let b(f) = 12*f**3 + f**2 - 3*f + 1. Let d = 25 - -6. Calculate the remainder when d is divided by b(g).
9
Let g(k) = k + 12. Calculate the remainder when (-35)/(-10)*(-26 + 2)/(-3) is divided by g(-7).
3
Let z(n) = n**2 + 19 + 0*n**2 + 14*n - 2*n**2. Let g = -40 - -54. Calculate the remainder when 73 is divided by z(g).
16
Let v be (-3)/(2/4 - -1). Let p be (20/30)/(v/(-207)). Suppose -3*f = -5*w + p, f + 0*f = -4*w + 62. What is the remainder when w is divided by 9?
6
Suppose -4*l = -8*n + 11*n - 197, 5*l = -n + 260. Calculate the remainder when 255 is divided by l.
43
Let p be (16/(-6))/((-2)/69). Let d = 136 + p. Suppose -3*i - 3*t + d = 2*i, 5*t = 3*i - 130. Calculate the remainder when i is divided by 16.
13
Suppose -2*j = 10, -14 - 3 = -a - 3*j. Calculate the remainder when 2109 is divided by a.
29
Let g(k) = 2*k**2 - k + 126. Let c be g(0). Suppose 0 = -9*o - 18 + c. What is the remainder when o is divided by 4?
0
Let x(u) = 32*u**3 - 4*u**2 + 8*u - 4. Suppose 0*t = 5*t - 625. What is the remainder when t is divided by x(1)?
29
Let s(k) = k**3 + 9*k**2 - 5*k + 4. What is the remainder when s(-8) is divided by 28?
24
Let l be 18/4*(-336)/(-18). Suppose l = 3*j + 15. Let s(t) = -t**3 + 4*t**2 - t - 2. Calculate the remainder when j is divided by s(3).
3
Let h(l) = l**3 + 34*l**2 + 34*l + 41. Suppose -5*z + 3*u + 155 = 2*u, -3*z + 93 = 2*u. Calculate the remainder when z is divided by h(-33).
7
Let l(m) = -m**2 - 21*m - 37. Let u be l(-11). Suppose -2*i + 3*o + 58 = 0, -65 = -5*i + 4*o + u. What is the remainder when 100 is divided by i?
22
Suppose 5*j - 6 = 64. Suppose -37 - 47 = -c. Let t = -76 + c. What is the remainder when j is divided by t?
6
Let b(p) = 2*p**2 + 4*p + 2. Let a be b(-2). Suppose 5*n = a*n - 9. Calculate the remainder when (-4 - (-58)/(-6))*n is divided by 14.
13
Let c = -2 - -5. Let s be c/(-2)*(-32)/12. Suppose s*r - 2*g - 40 = 2*g, 0 = -r - 4*g. What is the remainder when 23 is divided by r?
7
Let v = 69 - 59. Let n(c) = c + 8. Calculate the remainder when 71 is divided by n(v).
17
Suppose 0 = -4*a - 3*v - 86, 4*v - 6 = 2. Let h = a + 24. What is the remainder when h is divided by 1?
0
Suppose -13*n = 29 - 354. Calculate the remainder when n is divided by 16.
9
Suppose 3*l + 88 = 2*u, -18*u + 13*u + 262 = 3*l. Calculate the remainder when u is divided by 3.
2
Let w = 880 - 863. Calculate the remainder when 116 is divided by w.
14
Suppose -165 = 21*f - 942. What is the remainder when f is divided by 15?
7
Suppose -410 = -3*d - 2*y, 2*d - 116 = -2*y + 158. Suppose -4*v - 4*a + 140 = -d, 5*a = 15. Calculate the remainder when v is divided by 34.
32
Suppose 21*u - 29*u = -760. What is the remainder when u is divided by 16?
15
Suppose 4*h = 8*h - 376. Calculate the remainder when h is divided by 5/30 - (-143)/6.
22
Let r = 273 + -262. Calculate the remainder when 42 is divided by r.
9
Suppose -5*n - 19 = -2*d, -3*d = -3*n + d - 17. Let u(b) = -13*b - 10. What is the remainder when 85 is divided by u(n)?
27
Let g = 597 - 554. Calculate the remainder when 100 is divided by g.
14
What is the remainder when (4 - 987/(-2)) + 1/2 is divided by 25?
23
Let u(d) = -d**2 - 21*d - 12. What is the remainder when u(-19) is divided by 15?
11
Suppose 0 = 35*q + 5*q - 22320. What is the remainder when q is divided by 40?
38
Let v(o) = 2*o - 13. Let b = 24 - 17. Let w be v(b). What is the remainder when 15 is divided by (w + 0)/((-2)/(-14))?
1
Let a(k) = k + 12. Let m be a(-9). Suppose 3*n - 3*u = -n + 10, -m*n + 8 = -2*u. What is the remainder when (-26)/(-6) + 2/(-6) is divided by n?
0
Let r(o) = o - 4. Let s be r(4). Let a = 12 - s. Let u = 62 + -17. What is the remainder when u is divided by a?
9
Let i = 32 - 30. Suppose -7 = -i*f + 29. Let y = 7 + -2. Calculate the remainder when f is divided by y.
3
Let l(z) = 22*z**2 - 10*z + 15. Calculate the remainder when l(2) is divided by 24.
11
Let i(z) = -44*z**3 + 6*z**2 + 11*z + 3. What is the remainder when i(-2) is divided by 68?
17
Let y(d) = d**2 + 1. Let a(b) = b**2 - 8*b + 8. Let j(w) = a(w) - 2*y(w). What is the remainder when 16 is divided by j(-8)?
4
Let t = 358 + -223. What is the remainder when t is divided by 46?
43
Let u = 28 + -22. Suppose -k = 4*g - 12 - u, -k = -g + 7. What is the remainder when 19 is divided by g?
4
Let d be (-2 + 5)/((75/20)/(-5)). Let j(x) = -x**3 - x + 2*x**3 + 6*x**2 + 5*x - 4. Calculate the remainder when 45 is divided by j(d).
9
Let m(q) = 24*q**2 + 40*q + 25. What is the remainder when m(-4) is divided by 63?
60
Let p(m) = -m**2 + 8*m - 6. Let h be 0*5/40*4. Calculate the remainder when 12 + (0 - h - -4) is divided by p(6).
4
Let l = 30 + -39. Calculate the remainder when 97 is divided by 177/(-18)*-2 - 3/l.
17
Suppose 4*f + 2*c - 5*c - 156 = 0, 3*f - 117 = -4*c. What is the remainder when 271 is divided by f?
37
Let u(g) = 4*g + 23. What is the remainder when u(5) is divided by 9?
7
Suppose -11 = -2*x + 1. Let h be (-1 - 2)/(3/(-2)). What is the remainder when 2/(0 + h) + 26 is divided by x?
3
Suppose -275 = -5*p - 1010. Calculate the remainder when (p/9)/(5/(-15)) is divided by 10.
9
Suppose 2*u = 7*u - 190. Suppose 4*y - 6*y = -u. Calculate the remainder when 35 is divided by y.
16
Suppose -2*n - g + 23 = 0, -6*n + 3*g + 39 = -3*n. Calculate the remainder when 46 is divided by n.
10
Let m = -21 - -22. Calculate the remainder when 56 is divided by (-1)/(m - 100/95).
18
Let y(b) = -4*b + 3. Let d be y(-7). Let h = 66 - d. Calculate the remainder when h is divided by 19.
16
Let r be 174/(-2)*3/9. Let t = 4 - r. Calculate the remainder when t is divided by 9.
6
Let t be (3 + 0)*(-25)/(-3) + -2. Let p = t + 18. Calculate the remainder when 116 is divided by p.
34
Suppose -82*q + 1728 = -18*q. What is the remainder when 93 is divided by q?
12
Suppose 117*g - 1074 = 213. What is the remaind